rime number?
True
Is 2847839803 a composite number?
False
Is 491251763 composite?
False
Is 82010367295 prime?
False
Is 13065712861 a prime number?
True
Is 911738533 composite?
False
Is 516722377 a prime number?
False
Is 85658171329 a composite number?
True
Is 2687388547 a composite number?
False
Is 3641171585 a composite number?
True
Is 135482584165 a prime number?
False
Is 12152971717 composite?
False
Is 1062630071 prime?
True
Is 9417911 a composite number?
False
Is 6499355411 a prime number?
True
Is 242755817254 a prime number?
False
Is 82450723037 a composite number?
True
Is 2180090959 prime?
False
Is 52038402889 a composite number?
True
Is 4942252727 prime?
True
Is 2168244161 composite?
False
Is 1263715697 a prime number?
True
Is 32664247541 a composite number?
True
Is 3961370851 prime?
False
Is 5841561151 a composite number?
True
Is 33356551553 prime?
False
Is 5264995289 prime?
True
Is 2053206749 a composite number?
True
Is 2494439927 a composite number?
True
Is 78161357 a composite number?
False
Is 133487773 a prime number?
True
Is 470530769 composite?
False
Is 1947635777 composite?
False
Is 3200073859 prime?
False
Is 57871943 prime?
False
Is 17205995797 a prime number?
False
Is 7149496297 prime?
True
Is 3932885081 prime?
True
Is 28141672303 a composite number?
False
Is 708597163 composite?
True
Is 3373847357 prime?
True
Is 21153653 a composite number?
False
Is 47853749 a composite number?
False
Is 125873054 a prime number?
False
Is 2181584033 composite?
False
Is 4226853266 a composite number?
True
Is 4950590833 a composite number?
False
Is 312607261 composite?
True
Is 28610779163 prime?
True
Is 11275821467 prime?
False
Is 71604429619 a prime number?
True
Is 203110683 prime?
False
Is 2719022411 a composite number?
True
Is 4733502607 a composite number?
True
Is 19816319879 composite?
False
Is 14127703847 a prime number?
True
Is 23031130601 a prime number?
True
Is 431404343 a composite number?
True
Is 955253317 prime?
False
Is 45645788869 composite?
False
Is 83372985343 a prime number?
True
Is 1112722109 prime?
True
Is 8595005 prime?
False
Is 210295055 composite?
True
Is 35681236469 a prime number?
False
Is 107600754367 a prime number?
True
Is 5755062653 composite?
False
Is 3361774987 prime?
True
Is 121758869 prime?
True
Is 483543839 a composite number?
False
Is 1519103893 a prime number?
False
Is 5098619111 a prime number?
False
Is 6647933 a composite number?
True
Is 3589067819 a composite number?
False
Is 29647790123 a composite number?
True
Is 11905159019 a composite number?
True
Is 29105399 a composite number?
False
Is 2669055563 a prime number?
False
Is 582992947 a prime number?
True
Is 12828324683 composite?
True
Is 3559754047 composite?
False
Is 387012841 prime?
True
Is 13938512899 prime?
True
Is 313025729 prime?
False
Is 14198370909 prime?
False
Is 57622398139 a prime number?
True
Is 374696141 prime?
False
Is 19473627343 prime?
False
Is 2384442991 a prime number?
False
Is 37978203197 prime?
False
Is 37359093281 composite?
False
Is 13106927623 composite?
True
Is 55657718833 a prime number?
True
Is 1022903029 prime?
False
Is 3751752919 prime?
True
Is 119093242 a composite number?
True
Is 292988273 a prime number?
False
Is 8037365903 a composite number?
True
Is 2075639353 a composite number?
False
Is 75608326103 a composite number?
True
Is 151617607 composite?
False
Is 31452735737 composite?
True
Is 3339676255 prime?
False
Is 1288894177 composite?
False
Is 5196808327 composite?
True
Is 461144829 a prime number?
False
Is 22843860617 prime?
False
Is 1196280179 prime?
True
Is 178057998589 a prime number?
False
Is 57035187883 composite?
True
Is 995154877 a composite number?
False
Is 1839923695 a composite number?
True
Is 895050907 composite?
True
Is 12688325779 a prime number?
False
Is 9141247607 a composite number?
False
Is 11496254969 composite?
True
Is 217227409271 a composite number?
False
Is 642885017 prime?
False
Is 996473759 prime?
False
Is 845346413 a prime number?
True
Is 26640042731 a composite number?
False
Is 47718614271 composite?
True
Is 5370787307 prime?
True
Is 10340832563 a prime number?
True
Is 496847191 a composite number?
True
Is 5085900623 composite?
True
Is 2563857353 a prime number?
True
Is 1454963199 a composite number?
True
Is 2395340609 prime?
True
Is 39919120789 a composite number?
True
Is 1442615477 prime?
True
Is 52041848135 composite?
True
Is 2327485337 a composite number?
True
Is 3339557051 a composite number?
True
Is 4301512529 a composite number?
False
Is 8366232473 prime?
True
Is 822441131 composite?
True
Is 9908319781 composite?
False
Is 198582647 prime?
True
Is 132258071 prime?
False
Is 719846683 a composite number?
False
Is 35865153701 a composite number?
True
Is 1288622963 prime?
True
Is 152161909 a prime number?
True
Is 33273960971 a prime number?
True
Is 9816853961 a prime number?
False
Is 47363871362 prime?
False
Is 130626073 a prime number?
False
Is 13934704213 a prime number?
False
Is 98590698683 composite?
False
Is 7909548243 a prime number?
False
Is 61209244101 composite?
True
Is 779868569 composite?
True
Is 395260321 a prime number?
True
Is 7512244021 a prime number?
True
Is 8897429 a prime number?
False
Is 6364900531 a prime number?
False
Is 24398503 a composite number?
True
Is 22040588803 prime?
True
Is 16283410379 composite?
False
Is 118892987 a composite number?
True
Is 1250170093 a composite number?
True
Is 239287989 a prime number?
False
Is 9706268491 composite?
False
Is 63787110019 a prime number?
True
Is 56018078287 prime?
False
Is 2602295681 a composite number?
False
Is 6066862297 prime?
True
Is 3226689373 a prime number?
True
Is 228056747 prime?
True
Is 55598042077 prime?
False
Is 603826733 a composite number?
False
Is 1131629383 a prime number?
True
Is 2496375517 prime?
False
Is 80481945289 prime?
True
Is 652125169 prime?
False
Is 79965962534 prime?
False
Is 84994060443 a prime number?
False
Is 95341097 composite?
False
Is 2567730937 a composite number?
False
Is 11370362879 a prime number?
True
Is 4710919243 a composite number?
True
Is 11839435669 prime?
True
Is 262828135 composite?
True
Is 54919597 a prime number?
False
Is 6023267023 a prime number?
False
Is 1596264331 prime?
False
Is 47313763753 prime?
False
Is 2842195137 a prime number?
False
Is 100439839873 composite?
False
Is 12555469841 composite?
False
Is 23331270981 prime?
False
Is 32465492023 composite?
False
Is 522139091 a prime number?
True
Is 460110737 a prime number?
True
Is 12698914817 a prime number?
True
Is 221082728289 a composite number?
True
Is 171074359 composite?
False
Is 43312551319 a prime number?
False
Is 6997140737 composite?
False
Is 1436110597 a prime number?
True
Is 2129057443 prime?
True
Is 7984202869 a prime number?
False
Is 498425861 composite?
False
Is 3841315697 a prime number?
False
Is 5839556719 a prime number?
False
Is 814882481 a prime number?
False
Is 32870687 a composite number?
False
Is 27601749379 prime?
False
Is 1147558009 composite?
True
Is 2527278883 a composite number?
False
Is 3397403561 a prime number?
True
Is 3884595071 a composite number?
True
Is 9352804691 composite?
False
Is 3654579727 composite?
False
Is 230969093 a composite number?
False
Is 2294144861 a composite number?
False
Is 1851273485 a composite number?
True
Is 217367833 a composite number?
False
Is 112665899 a prime number?
False
Is 94904740013 a composite number?
True
Is 18721067951 a composite number?
True
Is 2791127551 a prime number?
False
Is 123883813 prime?
True
Is 11785649 composite?
False
Is 2577193981 prime?
False
Is 9384305965 a composite number?
True
Is 1122654781 a prime number?
True
Is 181693607 a composite number?
False
Is 12728953093 composite?
True
Is 462229237 composite?
True
Is 1352875843 prime?
False
Is 589990045 a prime number?
False
Is 1482558773 a prime number?
False
Is 4068872527 prime?
True
Is 22390148311 a composite number?
False
Is 3887257123 composite?
True
Is 4540751389 composite?
False
Is 10324334327 a prime number?
True
Is 50251206371 a prime number?
True
Is 1247771299 a prime number?
True
Is 38039570123 prime?
False
Is 131151154 a composite number?
True
Is 10207714661 a prime number?
True
Is 1048588973 a prime number?
False
Is 43371652769 prime?
False
Is 3782955559 a prime number?
True
